743
List the prime factors of 1621387.
131, 12377
What are the prime factors of 722138?
2, 361069
What are the prime factors of 6457553?
6457553
What are the prime factors of 254761?
13, 19597
What are the prime factors of 5510895?
3, 5, 13, 59, 479
List the prime factors of 146799.
3, 5437
What are the prime factors of 6514242?
2, 3, 7, 43, 3607
List the prime factors of 694312.
2, 59, 1471
List the prime factors of 532809.
3, 53, 1117
List the prime factors of 2118195.
3, 5, 103, 457
List the prime factors of 2182329.
3, 131, 617
What are the prime factors of 6202?
2, 7, 443
List the prime factors of 927528.
2, 3, 7, 5521
List the prime factors of 886479.
3, 11, 26863
What are the prime factors of 8993629?
17, 529037
What are the prime factors of 320521?
320521
What are the prime factors of 2070225?
3, 5, 3067
What are the prime factors of 297775?
5, 43, 277
List the prime factors of 24581.
47, 523
What are the prime factors of 9005942?
2, 11, 151, 2711
List the prime factors of 1318380.
2, 3, 5, 7, 43, 73
List the prime factors of 4359442.
2, 149, 14629
List the prime factors of 233365.
5, 11, 4243
What are the prime factors of 5568200?
2, 5, 11, 2531
What are the prime factors of 3064159?
7, 107, 4091
What are the prime factors of 5978570?
2, 5, 13, 45989
List the prime factors of 943265.
5, 188653
List the prime factors of 2909315.
5, 581863
What are the prime factors of 31760?
2, 5, 397
What are the prime factors of 2027027?
157, 12911
List the prime factors of 947934.
2, 3, 13, 4051
List the prime factors of 846128.
2, 52883
List the prime factors of 772814.
2, 7, 55201
What are the prime factors of 257510?
2, 5, 11, 2341
List the prime factors of 319667.
29, 73, 151
List the prime factors of 1350293.
7, 17, 1621
List the prime factors of 514934.
2, 7, 36781
What are the prime factors of 24468599?
19, 1287821
What are the prime factors of 454554?
2, 3, 25253
List the prime factors of 355410.
2, 3, 5, 11, 359
What are the prime factors of 5722873?
13, 440221
List the prime factors of 1382733.
3, 11, 13967
What are the prime factors of 25863991?
2017, 12823
List the prime factors of 157025.
5, 11, 571
What are the prime factors of 282512?
2, 17657
List the prime factors of 411189.
3, 41, 3343
List the prime factors of 1848371.
7, 264053
List the prime factors of 777834.
2, 3, 79, 547
List the prime factors of 38670376.
2, 17, 284341
What are the prime factors of 276666?
2, 3, 13, 3547
List the prime factors of 7069201.
127, 55663
List the prime factors of 267581.
267581
What are the prime factors of 27185338?
2, 13592669
What are the prime factors of 422975?
5, 7, 2417
List the prime factors of 4497208.
2, 41, 13711
What are the prime factors of 6530012?
2, 71, 22993
List the prime factors of 1348914.
2, 3, 7, 32117
What are the prime factors of 263087?
11, 23917
What are the prime factors of 520505?
5, 19, 5479
What are the prime factors of 2522096?
2, 283, 557
What are the prime factors of 1057657?
1057657
What are the prime factors of 1772689?
229, 7741
What are the prime factors of 1434475?
5, 7, 1171
List the prime factors of 9348992.
2, 73039
List the prime factors of 1839477.
3, 103, 5953
What are the prime factors of 46827?
3, 11, 43
What are the prime factors of 4216052?
2, 1054013
What are the prime factors of 152914?
2, 101, 757
List the prime factors of 1760389.
1760389
List the prime factors of 537032.
2, 67129
What are the prime factors of 2657353?
2657353
What are the prime factors of 695894?
2, 19, 18313
List the prime factors of 101523.
3, 43, 787
What are the prime factors of 284047?
479, 593
What are the prime factors of 12241400?
2, 5, 97, 631
What are the prime factors of 2163258?
2, 3, 120181
List the prime factors of 433194.
2, 3, 17, 31, 137
List the prime factors of 180634.
2, 37, 2441
List the prime factors of 1123477.
1123477
List the prime factors of 320855.
5, 64171
What are the prime factors of 1733577?
3, 53, 10903
What are the prime factors of 325292?
2, 11, 7393
What are the prime factors of 202173?
3, 67391
List the prime factors of 693860.
2, 5, 34693
List the prime factors of 1823197.
1823197
What are the prime factors of 1104327?
3, 7, 5843
List the prime factors of 239666.
2, 7, 17, 19, 53
List the prime factors of 2204016.
2, 3, 17, 37, 73
List the prime factors of 743958.
2, 3, 23, 599
What are the prime factors of 929692?
2, 67, 3469
What are the prime factors of 402893?
37, 10889
What are the prime factors of 81111?
3, 19, 1423
What are the prime factors of 6104617?
6104617
List the prime factors of 2987850.
2, 3, 5, 19919
List the prime factors of 23513224.
2, 7, 643, 653
List the prime factors of 220665.
3, 5, 47, 313
What are the prime factors of 350658?
2, 3, 7, 11, 23
List the prime factors of 10517032.
2, 19, 69191
List the prime factors of 20168.
2, 2521
List the prime factors of 916317.
3, 17, 53, 113
What are the prime factors of 229315?
5, 45863
What are the prime factors of 2832187?
2832187
List the prime factors of 2217789.
3, 7, 47, 107
What are the prime factors of 181864?
2, 127, 179
What are the prime factors of 23985324?
2, 3, 11, 37, 1637
List the prime factors of 11787532.
2, 2946883
List the prime factors of 517372.
2, 211, 613
What are the prime factors of 15679775?
5, 627191
What are the prime factors of 852991?
43, 83, 239
List the prime factors of 747665.
5, 149533
List the prime factors of 14027123.
11, 1275193
What are the prime factors of 5341118?
2, 73, 36583
What are the prime factors of 2318515?
5, 23, 20161
List the prime factors of 1104050.
2, 5, 71, 311
List the prime factors of 990024.
2, 3, 7, 71, 83
What are the prime factors of 19245720?
2, 3, 5, 13, 73
What are the prime factors of 64437?
3, 47, 457
What are the prime factors of 1351236?
2, 3, 112603
What are the prime factors of 3029816?
2, 19, 31, 643
List the prime factors of 471544.
2, 58943
List the prime factors of 4657719.
3, 11, 29, 31, 157
List the prime factors of 120026.
2, 60013
What are the prime factors of 6007050?
2, 3, 5, 7, 1907
List the prime factors of 9010166.
2, 11, 37, 11069
List the prime factors of 24873320.
2, 5, 621833
What are the prime factors of 372151?
13, 28627
List the prime factors of 300176.
2, 73, 257
List the prime factors of 768565.
5, 7, 3137
What are the prime factors of 10872808?
2, 43, 31607
What are the prime factors of 486522?
2, 3, 151, 179
List the prime factors of 1770109.
11, 14629
What are the prime factors of 488525?
5, 19541
What are the prime factors of 6273259?
757, 8287
What are the prime factors of 3129191?
13, 240707
List the prime factors of 153487.
153487
What are the prime factors of 279438?
2, 3, 46573
What are the prime factors of 1068049?
61, 17509
List the prime factors of 18520923.
3, 6173641
What are the prime factors of 4829742?
2, 3, 251, 1069
What are the prime factors of 216168?
2, 3, 9007
List the prime factors of 6129111.
3, 2043037
What are the prime factors of 220228?
2, 55057
List the prime factors of 5792151.
3, 109, 17713
List the prime factors of 135951.
3, 45317
What are the prime factors of 202833?
3, 31, 727
List the prime factors of 1679901.
3, 559967
List the prime factors of 19866.
2, 3, 7, 11, 43
List the prime factors of 13386198.
2, 3, 7, 67, 71
What are the prime factors of 106973?
23, 4651
What are the prime factors of 100920?
2, 3, 5, 29
List the prime factors of 9401117.
11, 854647
List the prime factors of 20090.
2, 5, 7, 41
List the prime factors of 124674.
2, 3, 11, 1889
List the prime factors of 4080286.
2, 7, 37, 7877
What are the prime factors of 3463210?
2, 5, 346321
List the prime factors of 580640.
2, 5, 19, 191
What are the prime factors of 7876001?
7, 1125143
What are the prime factors of 102859?
102859
What are the prime factors of 735659?
735659
List the prime factors of 1213220.
2, 5, 60661
What are the prime factors of 3548468?
2, 7, 11, 41, 281
What are the prime factors of 9347401?
7, 1335343
List the prime factors of 35098607.
37, 61, 15551
What are the prime factors of 14718277?
7, 17, 17669
What are the prime factors of 16519299?
3, 29, 189877
What are the prime factors of 19006960?
2, 5, 7, 33941
List the prime factors of 7452610.
2, 5, 11, 67751
List the prime factors of 1297638.
2, 3, 72091
List